f(d) = -4*d**3 - 22*d**2 - 41*d - 67. Is f(-36) a composite number?
False
Let z(w) = w**3 + 13*w**2 - w - 19. Let c be z(-13). Let g(q) = 212*q**2 - 4*q - 1. Is g(c) composite?
True
Let v = 5 + 16. Let s(g) = -v*g + 11 - 65*g - 60*g. Is s(-3) prime?
True
Suppose 3*p = -5*s + 87 + 2, 5*s - 4*p = 103. Suppose -s*h + 59718 = -14515. Is h composite?
False
Let o be 15/5 + (-1 + -1 - 76). Let v = -68 - o. Suppose -2*h - 70 = -v*h. Is h prime?
False
Let d = -39090 + 64419. Let q = d - 16962. Is q composite?
True
Let p = 77 - 75. Suppose 5*t - p*t = 15*t. Suppose -5*b = f - 553, t*b - 3*f = b - 105. Is b prime?
False
Let b(i) = -18*i**2 + 3 + 6*i - 10 - i**3 - 2*i. Let y = 3487 - 3507. Is b(y) a prime number?
False
Suppose 4*u = 2*n + 4, 2*u + 5*n + 10 = -2*u. Let y be (-7 + (-24)/(-4))*-4. Suppose y*c - c - 1695 = u. Is c composite?
True
Suppose -18983 = 5*f - 3203. Let d = 4275 - f. Is d composite?
True
Is (-6)/(-28) - (-157363451)/686 a composite number?
False
Suppose -5*b + 6*a = a - 45, -b + 2*a + 9 = 0. Let w(q) = -56*q - 1. Let p(m) = -223*m - 4. Let t(o) = b*w(o) - 2*p(o). Is t(-9) prime?
True
Let y be (11/2)/((-6)/(-12)). Let k(s) = -1 - s**2 + 3*s + 1636*s**3 + 11*s - y*s. Is k(1) a composite number?
False
Suppose 281*b = 280*b + 4. Is ((-9806)/(-5))/(b*(-9)/(-450)) a composite number?
True
Suppose -a + 4*a + y - 291352 = 0, 3*a = -2*y + 291353. Is a a prime number?
True
Is (-15219240)/(-36) - 2 - (2/3 + -1) composite?
True
Let g(o) = 35*o**2 - 821*o - 23. Is g(-20) prime?
False
Let v be (-1)/10 - (-210)/100. Suppose j - 4827 = v*b, 5*b = -3*j + j + 9672. Is j a composite number?
False
Let p(l) = l**2 + 9*l - 34. Let u be p(-12). Is 3/1*2/u - -3746 a prime number?
False
Let q(f) = -f**2 + 17*f + 909. Let h(l) = 1. Let d(n) = 2*h(n) + q(n). Is d(0) composite?
False
Let w(m) = -81*m + 2468. Is w(-25) composite?
False
Let v be (-2 - (-1)/2) + (-5498)/(-4). Let m = 7 - 4. Suppose -2*u = 5*c - v, 2*u - 1346 = m*c + c. Is u composite?
True
Let k(o) = o**3 - 5*o**2 - 2*o + 10. Let y be k(5). Suppose h - 4*h + 7338 = y. Suppose 6*m + 4*a + 2422 = 8*m, 2*a = -2*m + h. Is m a prime number?
False
Let t(g) = -463*g**2 + 2*g + 21. Let x(h) be the first derivative of 154*h**3/3 - h**2/2 - 7*h + 27. Let c(l) = 2*t(l) + 7*x(l). Is c(-4) composite?
False
Let u be 11/5 - -8*(-8)/320. Suppose 2*x + 3269 = -u*o + 20275, -5*x = -4*o - 42497. Is x composite?
False
Suppose -7925 = -26*t - 14*t + 944115. Is t a prime number?
True
Let h(l) be the first derivative of l**4/4 + 3*l**3 + 5*l**2 + 18*l + 27. Let t be h(-8). Suppose -p - 2*d + 2642 = 3*d, t*d + 10634 = 4*p. Is p composite?
False
Let y(f) be the third derivative of f**5/60 - f**3/6 + 6*f**2. Let u be y(-2). Suppose 0 = -u*l - 2*g - g + 2424, -3*l - g + 2422 = 0. Is l a prime number?
False
Let s = 14352 + -9995. Is s a composite number?
False
Let c = -869008 + 1350455. Is c a prime number?
True
Let u(i) = 7*i - 57. Let x be u(9). Let m(l) = 3*l**3 - 3*l**2 + 9*l - 37. Is m(x) a prime number?
True
Let q = -18645 + 10159. Let c = q - -20443. Is c prime?
False
Suppose 6*x = 3*x - 168. Suppose -454 = -f - 33*y + 30*y, 4*y = -3*f + 1382. Is f/8 + 14/x a prime number?
False
Let c = 457 + -638. Let d = 448 + c. Is d a composite number?
True
Suppose -338 = y - 342, -5*i + 2632407 = -2*y. Is i prime?
True
Is (-13545216)/(-7) + 4 + 79/553 a prime number?
False
Suppose 2206350 - 7210244 = -14*t. Is t prime?
True
Let p = -31 + 33. Suppose -6 = -2*v - p. Suppose 0 = -4*x - x - 2*q + 1971, 399 = x + v*q. Is x composite?
True
Let d = -134065 + 349116. Is d a prime number?
True
Let k(c) = 25*c**3 - 67*c**2 + 633*c - 17. Is k(12) a composite number?
False
Let f(g) = 427*g**2 - 3*g + 7. Suppose 0 = 4*o + 15*t - 17*t - 2, 23 = o + 4*t. Is f(o) a prime number?
False
Let n(k) = 9*k + 9. Let s be n(-4). Let i be 3*((-6)/2 + (-72)/s). Let r(l) = -587*l**3 + l**2 + l. Is r(i) a prime number?
True
Suppose 0*x - 57*x + 14213 = -157870. Is x composite?
False
Suppose 4*u - 12 = 0, -13587 = -4*k - 0*k - 5*u. Let x = k - 1416. Is x composite?
True
Let m be (120/45)/((-4)/30). Let n = 25 + m. Suppose 5*r + u - 1794 = r, 1357 = 3*r - n*u. Is r a composite number?
False
Suppose c + 13 = -4*w + 28, 12 = 3*w + c. Suppose -23*f + 71860 = -w*f. Is f composite?
False
Let y = 75915 + 21176. Is y composite?
True
Let g be (40/(-6) - -1)*3. Let f(t) = 144*t + 17. Let r be f(g). Let c = -1622 - r. Is c a prime number?
True
Let w(q) = 1926*q + 211. Let k be w(4). Is k*(3 + 5)/8 prime?
False
Let j be (-32)/80 - 22/(-5). Suppose j*m + 5*k - 4467 = 0, 8*m - 4*k - 3327 = 5*m. Let d = m + -634. Is d a prime number?
True
Let o be (1 - 0/(-2)) + 1. Let g be (11916/54)/(-4 - 28/(-6)). Suppose 15 - g = -o*f. Is f a prime number?
False
Suppose 0 = -61*d + 62*d - 2394. Let n be 4 + 2619 - 2/1. Suppose -5*q + n = -d. Is q a prime number?
False
Suppose 5*w - 293 = -k, -4*w + 145 = -5*k - 72. Let a = w - 54. Suppose 0 = -a*z, 3*z = c + 347 - 2158. Is c composite?
False
Suppose 6*p = -12*p - 0*p + 334638. Is p prime?
False
Let h = 66 + -65. Let s be (h - 3) + 4 + 161/(-1). Let x = -46 - s. Is x prime?
True
Let z = -1597 + 10271. Suppose -3472 = -2*x - 2*g - 0*g, -z = -5*x - 3*g. Is x a composite number?
False
Suppose -m + r - 4 = -4*r, 0 = 4*m + 4*r - 32. Let f be ((-2)/m)/((-2)/(-6)). Is (-215 - -4)*-3 + f + -1 prime?
True
Let z be 1165*7 - 0/11. Suppose -4*s + z - 1522 = k, -4*s + 6648 = 4*k. Is s a composite number?
False
Let a = -70 + 88. Suppose b - 4*f + 18 = 0, b - f = -6*f - a. Is (1750/b)/(-1) + 54/(-243) a prime number?
True
Let i = 0 - -7. Suppose 0 = -4*h + i*h + 1131. Let n = -140 - h. Is n composite?
True
Suppose r = 3*r + 4, -3*f - 3*r + 90 = 0. Suppose f*t - 35*t + 2526 = 0. Suppose 3*w = 2*j + t + 3347, -3*w - 4*j + 4213 = 0. Is w a composite number?
False
Let k = 1100057 - 756684. Is k a prime number?
True
Suppose -16*u - 2*n - 650 = -12*u, 0 = -3*u - 5*n - 491. Let y(d) = 17*d**2 + 1. Let m be y(4). Let r = m + u. Is r composite?
True
Let p be (-114)/(-5)*(-5780)/102. Let y = p + 2038. Is y prime?
False
Let w(s) = -2*s**3 - s**2 + 6*s + 9. Let i be w(-3). Suppose i*m - 4244 = 32*m. Is m a prime number?
True
Suppose -54 = 3*z - 4206. Let v = z - -159. Is v composite?
False
Suppose 1553*h - 1593*h + 15160 = 0. Is h a prime number?
True
Suppose 2*f = 4 + 10. Let g(o) = 6*o**2 + 1. Let t be g(f). Let s = t - 174. Is s a composite number?
True
Suppose -4*x - c + 75 = 0, 5*x - 7*c - 95 = -8*c. Suppose -121343 = -x*b + 155237. Is b prime?
True
Let d(f) = f**3 - 3*f**2 - 3*f. Let y be d(-1). Let g(v) = 128*v**2 - 2*v - 3. Is g(y) a prime number?
True
Let y(t) = 13330*t**2 - 17*t + 48. Is y(-5) composite?
False
Suppose -1400 = -3*y + 5*d + 385, -3*y + 1797 = -d. Let s = y + 935. Is s composite?
True
Suppose 34*f + 2*s = 36*f - 144266, -3*s + 18 = 0. Is f a composite number?
False
Let l = -3898 - -5528. Let v = -312 + l. Is v a prime number?
False
Let b(f) = 1414*f**3 - 3*f**2 + 2. Let m be b(-2). Let h be 28/(2/28*7). Is 16/h + m/(-14) prime?
True
Suppose -2*g = -8*g - 11304. Let q be (g/(-10))/(15/(-50)). Is 4/((-32)/q) - 1/(-2) composite?
False
Let f(k) = 39*k**2 + 12*k - 361. Is f(20) prime?
False
Let f = 2358151 - 1404530. Is f a prime number?
True
Let f be -1 + -4 + 9 + 8. Let p(a) = 94 + f + 60 - a**2. Is p(0) a composite number?
True
Let b(p) = -2*p - 4. Let l be b(-3). Let v(a) = 327*a + l - 24*a + 3 - 1. Is v(1) composite?
False
Let k(c) = 667*c - 3744. Is k(73) a prime number?
False
Let d(x) = 24605*x**2 - 14*x - 1. Is d(-2) a composite number?
True
Is 6*(3874504/1488 - (-1 - -11)) a composite number?
True
Suppose 12482338 = 99*q - 15456370 - 9592687. Is q a composite number?
True
Suppose 223770 = 5*n - 5*q, -17*q = -22*q - 5. Suppose 3*v + 0*i = -4*i + n, 0 = -5*v + i + 74619. Is v prime?
True
Let n(h) = -h**3 + 4*h**2 + 22*h + 24. Let k be n(7). Suppose 2798 = 2*b - 3*x, -35*x + k*x - 4197 = -3*b. Is b a composite number?
False
Suppose 0 = 4*h + 2*k + k - 4, 5*k + 20 = 0. Suppose -2*z + 396 = i - 118, z = -h*i + 257. Is z a prime number?
True
Let s be 16/(6/3) - 2. Suppose -3*q + 15 = v + v, 4*q = 2*v + s. Is (7/35)/(v/2235) composite?
False
Let v(g) = 56*g - 2. Let s(n) = 112*n - 5. Let z(f) = 6*s(f) - 11*v(f). Let r be z(-11). Let l = r